{"id":9,"date":"2018-06-27T21:42:49","date_gmt":"2018-06-27T21:42:49","guid":{"rendered":"http:\/\/www.czpanter.eu\/wordpress\/?page_id=9"},"modified":"2019-09-11T15:24:28","modified_gmt":"2019-09-11T15:24:28","slug":"about","status":"publish","type":"page","link":"https:\/\/www.czpanter.cz\/","title":{"rendered":"O n\u00e1s"},"content":{"rendered":"\t\t<div data-elementor-type=\"wp-post\" data-elementor-id=\"9\" class=\"elementor elementor-9 elementor-bc-flex-widget\">\n\t\t\t\t\t\t<div class=\"elementor-inner\">\n\t\t\t\t<div class=\"elementor-section-wrap\">\n\t\t\t\t\t\t\t\t\t<section class=\"elementor-section elementor-top-section elementor-element elementor-element-1c123097 elementor-section-boxed elementor-section-height-default elementor-section-height-default\" data-id=\"1c123097\" data-element_type=\"section\">\n\t\t\t\t\t\t<div class=\"elementor-container elementor-column-gap-default\">\n\t\t\t\t\t\t\t<div class=\"elementor-row\">\n\t\t\t\t\t<div class=\"elementor-column elementor-col-100 elementor-top-column elementor-element elementor-element-33d1b23b\" data-id=\"33d1b23b\" data-element_type=\"column\">\n\t\t\t<div class=\"elementor-column-wrap elementor-element-populated\">\n\t\t\t\t\t\t\t<div class=\"elementor-widget-wrap\">\n\t\t\t\t\t\t<div class=\"elementor-element elementor-element-1f525f62 elementor-widget elementor-widget-text-editor\" data-id=\"1f525f62\" data-element_type=\"widget\" data-widget_type=\"text-editor.default\">\n\t\t\t\t<div class=\"elementor-widget-container\">\n\t\t\t\t\t\t\t\t<div class=\"elementor-text-editor elementor-clearfix\">\n\t\t\t\t<p><strong style=\"color: black; font-size: 1.5em;\">\u010cinnost<\/strong><\/p><div style=\"padding-left: 35px;\"><ul><li style=\"text-align: left;\">Trval\u00e9 obchodn\u00ed zastoupen\u00ed firem ve Vietnamu<\/li><li style=\"text-align: left;\">Zprost\u0159edkovatelsk\u00e1 a marketingov\u00e1 \u010dinnost v oblasti obchodu, slu\u017eeb a p\u0159enos\u016f informac\u00ed<\/li><li style=\"text-align: left;\">Organiza\u010dn\u00ed a ekonomick\u00e9 poradenstv\u00ed<\/li><li style=\"text-align: left;\">N\u00e1kup zbo\u017e\u00ed za \u00fa\u010delem dal\u0161\u00edho prodeje<\/li><li style=\"text-align: left;\">Leteck\u00e1 a lodn\u00ed p\u0159eprava n\u00e1klad\u016f<\/li><\/ul><\/div>\t\t\t\t\t<\/div>\n\t\t\t\t\t\t<\/div>\n\t\t\t\t<\/div>\n\t\t\t\t\t\t<\/div>\n\t\t\t\t\t<\/div>\n\t\t<\/div>\n\t\t\t\t\t\t\t\t<\/div>\n\t\t\t\t\t<\/div>\n\t\t<\/section>\n\t\t\t\t<section class=\"elementor-section elementor-top-section elementor-element elementor-element-90068c2 elementor-section-boxed elementor-section-height-default elementor-section-height-default\" data-id=\"90068c2\" data-element_type=\"section\">\n\t\t\t\t\t\t<div class=\"elementor-container elementor-column-gap-default\">\n\t\t\t\t\t\t\t<div class=\"elementor-row\">\n\t\t\t\t\t<div class=\"elementor-column elementor-col-100 elementor-top-column elementor-element elementor-element-14a0785\" data-id=\"14a0785\" data-element_type=\"column\">\n\t\t\t<div class=\"elementor-column-wrap elementor-element-populated\">\n\t\t\t\t\t\t\t<div class=\"elementor-widget-wrap\">\n\t\t\t\t\t\t<div class=\"elementor-element elementor-element-8c759d8 elementor-widget elementor-widget-text-editor\" data-id=\"8c759d8\" data-element_type=\"widget\" data-widget_type=\"text-editor.default\">\n\t\t\t\t<div class=\"elementor-widget-container\">\n\t\t\t\t\t\t\t\t<div class=\"elementor-text-editor elementor-clearfix\">\n\t\t\t\t<h1 style=\"color: black;\">V\u00fdznamn\u00e9 reference<\/h1><p><strong>1992-1995,<\/strong> inicializace a v\u00fdznamn\u00e1 asistence p\u0159i zakl\u00e1d\u00e1n\u00ed spole\u010dn\u00e9ho podniku Jihlavsk\u00fdch skl\u00e1ren a Hanoi Glass Company v Hanoji.<\/p><p><strong>1996,<\/strong> je CZP autorizov\u00e1n \u010cKD Praha Holdingem a.s. k zalo\u017een\u00ed reprezenta\u010dn\u00ed kancel\u00e1\u0159e v Hanoji, Vietnamu, kter\u00e1 je vedena Du\u0161anem Kubi\u0161em. \u010cKD Praha Holding a.s. , v t\u00e9 dob\u011b, pr\u016fmyslov\u00fd gigant s \u0161irok\u00fdm v\u00fdrobn\u00edm portfoliem (nap\u0159. Lokomotivy, tramvaje, kompresory, chlad\u00edc\u00ed za\u0159\u00edzen\u00ed, projekty na kl\u00ed\u010d &#8211; spalovny atd.. ). Av\u0161ak nov\u00e9 ekonomick\u00e9 prost\u0159ed\u00ed a po\u017eadavky v \u010cesk\u00e9 republice vedou k tomu, \u017ee se jednotliv\u00e9 dce\u0159in\u00e9 spole\u010dnosti holdingu osamostat\u0148uj\u00ed. Tento fakt byl i jeden d\u016fsledk\u016f, \u017ee se koncem roku 2002 \u010cKD Praha Holding rozhoduje ukon\u010dit \u010dinnost sv\u00e9 reprezenta\u010dn\u00ed kancel\u00e1\u0159e ve Vietnamu.<\/p><p><strong>1997,<\/strong> je dal\u0161\u00edm d\u016fle\u017eit\u00fdm mezn\u00edkem v historii CZP, kdy je ujedn\u00e1na spolupr\u00e1ce se Spofou a.s. \u2013 zn\u00e1m\u00fdm \u010desk\u00fdm v\u00fdrobcem farmaceutik. CZP se st\u00e1v\u00e1 reprezentantem t\u00e9to spole\u010dnosti na vietnamsk\u00e9m trhu a ve spolupr\u00e1ci s dv\u011bma nejv\u011bt\u0161\u00edmi vietnamsk\u00fdmi farmaceutick\u00fdmi velkoobchodn\u00edky jsou do Vietnamu dov\u00e1\u017eeny \u010desk\u00e9 l\u00e9ky nejen z produkce Spofy a.s., ale i firem jako Infusia (1998-2005) Sevapharma (1997-2003), Slovakofarma (1999-2002), L\u00e9\u010diva (1998).<\/p><p><strong>1998- 2000,<\/strong> CZP t\u00e9\u017e vyv\u00edj\u00ed reprezenta\u010dn\u00ed \u010dinnost pro v minulosti presti\u017en\u00ed podnik zahrani\u010dn\u00edho obchodu \u0160kodaexport a.s., kter\u00fd se specializuje na zahrani\u010dn\u00ed projekty na kl\u00ed\u010d. V tomto obdob\u00ed z\u00edsk\u00e1v\u00e1 bohat\u00e9 zku\u0161enosti s kompletov\u00e1n\u00edm tendrov\u00fdch dokument\u016f spojen\u00fdch s n\u011bkolika ve\u0159ejn\u00fdmi sout\u011b\u017eemi ve Vietnamu (hydro elektr\u00e1rny), jen\u017e se ve spolupr\u00e1ci s \u0160kodaexportem \u00fa\u010dastn\u00ed, av\u0161ak bez k\u00fd\u017een\u00e9ho \u00fasp\u011bchu. \u010cinnost reprezenta\u010dn\u00ed kancel\u00e1\u0159e, kterou vede CZP, je ke konci roku 2002 ukon\u010dena stejn\u011b tak, jako samotn\u00e1 spolupr\u00e1ce \u0160kodaexportem.<\/p><p><strong>1999,<\/strong> je pro CZP miln\u00edkem, kdy registruje svoj\u00ed vlastn\u00ed reprezenta\u010dn\u00ed kancel\u00e1\u0159 u vietnamsk\u00e9ho ministerstva obchodu, pod \u010d\u00edslem 3072\/TM-GP. Tato ud\u00e1lost v podstat\u011b CZP osamostat\u0148uje a d\u00e1v\u00e1 j\u00ed v\u011bt\u0161\u00ed volnost a mo\u017enosti pro roz\u0161\u00ed\u0159en\u00ed obchodn\u00edch aktivit v teritoriu.<\/p><p><strong>2000,<\/strong> CZP tak\u00e9 za\u010d\u00edn\u00e1 generovat reprezenta\u010dn\u00ed servis pro SpofuDental a.s., \u010desk\u00e9ho v\u00fdrobce dent\u00e1ln\u00edho materi\u00e1lu. CZP inicializov\u00e1n\u00edm t\u00e9to spolupr\u00e1ce v podstat\u011b o\u017eivuje tradici v\u00fdrobk\u016f SpofaDental a.s. na vietnamsk\u00e9m trhu, jen\u017e byla zapo\u010data v 80-t\u00fdch letech.\u00a0 Prvn\u00ed investice CZP mimo Vietnam je zalo\u017een\u00ed reprezenta\u010dn\u00ed kancel\u00e1\u0159e v Bangkoku, Thajsko v l\u00e9t\u011b 2000. Po ro\u010dn\u00ed \u010dinnosti t\u00e9to kancel\u00e1\u0159e, kdy nebylo dosa\u017eeno o\u010dek\u00e1van\u00fdch v\u00fdsledk\u016f je \u010dinnost CZP kancel\u00e1\u0159e v Thajsku utlumena. Rok 2000 bude tak\u00e9 pro CZP zaznamen\u00e1n jako po\u010d\u00e1tek spolupr\u00e1ce s jednou s nej\u00fasp\u011b\u0161n\u011bj\u0161\u00edch \u010desk\u00fdch firmem ZVVZ Milevsko a.s. \u2013 v\u00fdrobcem za\u0159\u00edzen\u00ed pro ekologii a ventila\u010dn\u00edch syst\u00e9m\u016f, kdy b\u011bhem let 2000-2004 byly spole\u010dn\u011b \u00fasp\u011b\u0161n\u011b realizov\u00e1ny 4 obchodn\u00ed p\u0159\u00edpady v celkov\u00e9 hodnot\u011b p\u0159es USD 1 mil.<\/p><p><strong>2001-2003,<\/strong> CZP za\u010d\u00edn\u00e1 spolupracovat s n\u011bmeckou firmou Rosink Apparate- und Anlagenbau GmbH \u2013 v\u00fdrobcem \u010dist\u00edc\u00edch syst\u00e9mu do kotl\u016f. Tato spolupr\u00e1ce p\u0159in\u00e1\u0161\u00ed pilotn\u00ed dod\u00e1vku v roce 2003 do Vietnamu na n\u00ed\u017e navazuje \u00fazk\u00e1 marketingov\u00e1 a konzulta\u010dn\u00ed \u010dinnost pro tuto firmu v \u010cech\u00e1ch a na Slovensku, krom\u011b jin\u00fdch, vrchol\u00edc\u00ed v roce 2005 prvn\u00ed p\u0159\u00edmou dod\u00e1vkou pro \u010desk\u00fd subjekt firmu \u0160KO-ENERGO s.r.o. Mlad\u00e1 Boleslav.<\/p><p><strong>2004,<\/strong> op\u011btovn\u00e9 nav\u00e1z\u00e1n\u00ed spolupr\u00e1ce firmou Stroj\u00edrny Brno a.s., specializuj\u00edc\u00ed se na projekci, v\u00fdrobu a dod\u00e1vky vodn\u00edch elektr\u00e1ren. Vy\u00fast\u011bn\u00edm v roce 2005 jsou sub-dod\u00e1vky za\u0159\u00edzen\u00ed z Vietnamu pro projekty v regionu jihov\u00fdchodn\u00ed Asie.\u00a0 Tento rok se tak\u00e9 poda\u0159\u00ed nav\u00e1zat spolupr\u00e1ci s firmou PILOUS \u2013 p\u00e1sov\u00e9 pily, spol. s\u00a0r.o.\u00a0 V tomto roce je ukon\u010dena projektantsk\u00e1 a stavebn\u00ed \u010dinnost v \u010cesk\u00e9 republice.<\/p><p><strong>2005,<\/strong> kon\u010d\u00ed dlouholet\u00e1 spolupr\u00e1ce se slovenskou obchodn\u00ed spole\u010dnost\u00ed Omnia \u2013 Roll, zab\u00fdvaj\u00edc\u00ed se exportem lo\u017eisek. Spole\u010dn\u011b s firmou AREVA T&amp;D S.A.-Villeurbanne, Francie realizujeme dod\u00e1vku sp\u00edna\u010d\u016f pro elektr\u00e1rnu Pha Lai. Tento rok CZP take asistuje u zalo\u017een\u00ed reprezenta\u010dn\u00ed kancel\u00e1\u0159e spole\u010dnosti Antarez AZV s.r.o. ve Vietnamu, stejn\u011b tak p\u0159i zakl\u00e1d\u00e1n\u00ed \u010desko-vietnamsk\u00e9ho spole\u010dn\u00e9ho podniku Elimo Ltd. nebo zalo\u017een\u00ed v\u00fdrobn\u00edho pro z\u00e1vodu \u010desk\u00e9ho v\u00fdrobce\u00a0V\u00e1no\u010dn\u00edch\u00a0ozdob firmy HAN spol. s r.o. v Hai Phongu. .<\/p><p><strong>2006,<\/strong> zalo\u017een\u00ed CZ\u00a0PANTER\u00a0VIETNAM s.r.o., dce\u0159in\u00e9 firmy, kter\u00e1 se soust\u0159ed\u00ed na rozvoj slu\u017eeb pro outsourcingovou v\u00fdrobu ve Vietnamu.<\/p><p><strong>2005-2010,<\/strong> je CZ PANTER s.r.o. organiza\u010dn\u00ed sou\u010d\u00e1st\u00ed rozvojov\u00e9ho ODA projektu Ministerstva pr\u016fmyslu a obchodu \u010cR mezi Stroj\u00edrnami Brno a.s. a vietnamskou stroj\u00edrenskou firmou HAMECO Ltd.. Tento projekt m\u011bl za c\u00edl p\u0159en\u00e9st v\u00fdrobn\u00ed know-how hydroelektr\u00e1rensk\u00fdch celk\u016f na vietnamsk\u00e9ho partnera.<\/p><p><strong>2007-2008,<\/strong> firma zaji\u0161\u0165uje dal\u0161\u00ed outsourcingovou spolupr\u00e1ci pro stroj\u00edrensk\u00e9 firmy SIGMA 1868 spol. s r.o., TMJ-JESENICE spol. s r.o., STROJ\u00cdRNA T\u00ddC s.r.o. V letech 2007, vznik\u00e1 kancel\u00e1\u0159 v HCMC, je\u017e se specializuje na potravin\u00e1\u0159stv\u00ed. Pro \u010cesk\u00e9 partnery se da\u0159\u00ed sjednat exporty mra\u017een\u00fdch ryb a pep\u0159e a naopak dod\u00e1vky sladu a chmele pro Vietnamsk\u00e9 partnery.<\/p><p><strong>2010,<\/strong> za\u010d\u00edn\u00e1me zprost\u0159edkov\u00e1vat exporty produkt\u016f farmaceutick\u00e9 firmy BIOMEDICA, spol. s r.o.<\/p><p><strong>2011,<\/strong> znamen\u00e1 nav\u00e1z\u00e1n\u00ed spolupr\u00e1ce s vietnamsk\u00fdmi partnery, jen\u017e se specializuj\u00ed na dod\u00e1vky pro Ministerstvo obrany VN a prob\u00edh\u00e1 tak, prvn\u00ed dod\u00e1vka.<\/p><p>Od roku <strong>2006-2014<\/strong> jsme se pod\u00edleli na marketingov\u00fdch pr\u016fzkumech Vietnamsk\u00e9ho trhu pro firmy \u0160KODA AUTO, ALPINE PRO, OSTROJ a.s., J&amp;T nebo britskou v\u00fdzkumnou firmu BSRIA.<\/p>\t\t\t\t\t<\/div>\n\t\t\t\t\t\t<\/div>\n\t\t\t\t<\/div>\n\t\t\t\t\t\t<\/div>\n\t\t\t\t\t<\/div>\n\t\t<\/div>\n\t\t\t\t\t\t\t\t<\/div>\n\t\t\t\t\t<\/div>\n\t\t<\/section>\n\t\t\t\t\t\t\t\t\t<\/div>\n\t\t\t<\/div>\n\t\t\t\t\t<\/div>\n\t\t","protected":false},"excerpt":{"rendered":"<p>\u010cinnost Trval\u00e9 obchodn\u00ed zastoupen\u00ed firem ve Vietnamu Zprost\u0159edkovatelsk\u00e1 a marketingov\u00e1 \u010dinnost v oblasti obchodu, slu\u017eeb a p\u0159enos\u016f informac\u00ed Organiza\u010dn\u00ed a ekonomick\u00e9 poradenstv\u00ed N\u00e1kup zbo\u017e\u00ed za \u00fa\u010delem dal\u0161\u00edho prodeje Leteck\u00e1 a lodn\u00ed p\u0159eprava n\u00e1klad\u016f V\u00fdznamn\u00e9 reference 1992-1995, inicializace a v\u00fdznamn\u00e1 asistence p\u0159i zakl\u00e1d\u00e1n\u00ed spole\u010dn\u00e9ho podniku Jihlavsk\u00fdch skl\u00e1ren a Hanoi Glass Company v Hanoji. 1996, je CZP &hellip; <a href=\"https:\/\/www.czpanter.cz\/\" class=\"more-link\">Pokra\u010dovat ve \u010dten\u00ed<span class=\"screen-reader-text\"> &#8222;O n\u00e1s&#8220;<\/span><\/a><\/p>\n","protected":false},"author":1,"featured_media":0,"parent":0,"menu_order":0,"comment_status":"closed","ping_status":"closed","template":"","meta":{"footnotes":""},"class_list":["post-9","page","type-page","status-publish","hentry"],"_links":{"self":[{"href":"https:\/\/www.czpanter.cz\/index.php\/wp-json\/wp\/v2\/pages\/9","targetHints":{"allow":["GET"]}}],"collection":[{"href":"https:\/\/www.czpanter.cz\/index.php\/wp-json\/wp\/v2\/pages"}],"about":[{"href":"https:\/\/www.czpanter.cz\/index.php\/wp-json\/wp\/v2\/types\/page"}],"author":[{"embeddable":true,"href":"https:\/\/www.czpanter.cz\/index.php\/wp-json\/wp\/v2\/users\/1"}],"replies":[{"embeddable":true,"href":"https:\/\/www.czpanter.cz\/index.php\/wp-json\/wp\/v2\/comments?post=9"}],"version-history":[{"count":11,"href":"https:\/\/www.czpanter.cz\/index.php\/wp-json\/wp\/v2\/pages\/9\/revisions"}],"predecessor-version":[{"id":178,"href":"https:\/\/www.czpanter.cz\/index.php\/wp-json\/wp\/v2\/pages\/9\/revisions\/178"}],"wp:attachment":[{"href":"https:\/\/www.czpanter.cz\/index.php\/wp-json\/wp\/v2\/media?parent=9"}],"curies":[{"name":"wp","href":"https:\/\/api.w.org\/{rel}","templated":true}]}}